se 16) in base 12?
-72a0
Convert -1000011010 (base 2) to base 16.
-21a
What is 8f8 (base 16) in base 11?
17a8
What is 1174 (base 12) in base 14?
a00
Convert -2a1ba (base 12) to base 13.
-20b45
43250 (base 6) to base 14
223c
What is 18b (base 14) in base 6?
1251
-5636 (base 8) to base 14
-1126
What is -393 (base 14) in base 13?
-432
What is -28871 (base 9) in base 11?
-13859
Convert -258 (base 16) to base 6.
-2440
What is b2 (base 14) in base 15?
a6
1761 (base 8) to base 9
1341
What is -1100111110100010 (base 2) in base 4?
-30332202
What is 3302 (base 4) in base 11?
200
What is -16518 (base 10) in base 7?
-66105
28563 (base 9) to base 6
225520
What is 14001 (base 6) in base 10?
2161
What is -30201 (base 6) in base 13?
-1a59
10100000 (base 2) to base 8
240
375 (base 11) to base 5
3240
What is -543 (base 13) in base 12?
-630
Convert -9a6 (base 11) to base 6.
-5325
What is 142 (base 14) in base 13?
167
-1711 (base 9) to base 3
-1210101
-1022 (base 4) to base 10
-74
What is -2225 (base 14) in base 5?
-142123
Convert -5b02 (base 13) to base 16.
-322e
41515 (base 6) to base 7
22205
-17290 (base 13) to base 6
-541311
What is 36b8 (base 14) in base 15?
2c80
Convert 22540 (base 7) to base 11.
4368
-102211001 (base 3) to base 11
-6521
Convert 12245 (base 6) to base 8.
3445
What is 411 (base 7) in base 6?
540
What is 9d (base 15) in base 10?
148
What is -21001 (base 5) in base 3?
-1212222
Convert c3 (base 16) to base 10.
195
Convert -30405 (base 8) to base 6.
-134033
Convert 1122011 (base 3) to base 11.
994
605 (base 14) to base 16
49d
Convert 13d59 (base 16) to base 3.
11010102221
Convert -1343 (base 6) to base 9.
-430
Convert 128 (base 9) to base 8.
153
120121100 (base 3) to base 7
45111
211334 (base 5) to base 14
282a
3947 (base 10) to base 12
234b
-312303 (base 5) to base 13
-4916
What is 27167 (base 11) in base 13?
14871
-27000 (base 10) to base 15
-8000
293 (base 11) to base 12
248
-9c2 (base 13) to base 6
-11435
-725 (base 12) to base 16
-40d
Convert -3327 (base 8) to base 4.
-123113
Convert -1111420 (base 5) to base 3.
-222220022
Convert 67a7 (base 11) to base 4.
2023312
What is 30112210 (base 4) in base 9?
76357
Convert -24560 (base 7) to base 5.
-201321
What is 37c (base 13) in base 14?
318
Convert 8a9 (base 14) to base 12.
bb1
What is 15646 (base 11) in base 12?
10934
Convert -1410 (base 5) to base 14.
-126
What is 113630 (base 7) in base 12?
ba88
86 (base 12) to base 8
146
Convert 3329 (base 12) to base 14.
20b7
Convert 5dd (base 15) to base 7.
3613
Convert 18674 (base 15) to base 7.
446365
What is fcc0 (base 16) in base 4?
33303000
-1455 (base 6) to base 10
-395
Convert 333031 (base 5) to base 16.
2d79
717 (base 9) to base 15
28d
-33233 (base 7) to base 16
-20a2
Convert 43e (base 15) to base 10.
959
-14033 (base 7) to base 10
-3797
What is 227 (base 16) in base 3?
202102
-135013 (base 8) to base 4
-23220023
What is 48a9 (base 11) in base 15?
1d76
Convert bf (base 16) to base 14.
d9
What is 5302 (base 11) in base 13?
3270
-81ab (base 14) to base 12
-10aa3
What is -2023 (base 6) in base 13?
-285
707 (base 9) to base 2
1000111110
488 (base 15) to base 2
10000000100
-1001000111 (base 2) to base 10
-583
What is -b94 (base 15) in base 11?
-1a67
Convert 130402 (base 6) to base 14.
4438
-3b7 (base 13) to base 8
-1221
-54188 (base 11) to base 2
-10011001110011010
What is 18764 (base 10) in base 11?
13109
Convert 10001 (base 4) to base 9.
315
Convert 175 (base 8) to base 9.
148
Convert 153c (base 16) to base 5.
133221
2212 (base 7) to base 14
409
Convert -1199 (base 16) to base 15.
-1505
What is 2211201 (base 3) in base 11?
1613
Convert -762 (base 12) to base 6.
-5002
1000101100 (base 2) to base 13
33a
Convert -528 (base 12) to base 3.
-1000212
4451 (base 6) to base 9
1374
-1232210 (base 4) to base 15
-216b
What is 113332 (base 7) in base 4?
10332313
Convert -4b23 (base 14) to base 16.
-336b
2439 (base 13) to base 7
20631
111010010100 (base 2) to base 16
e94
What is 611 (base 15) in base 13?
811
What is -41124 (base 5) in base 3?
-10122200
What is -105a5 (base 14) in base 9?
-60214
Convert 15ca1 (base 14) to base 4.
31111211
Convert -4910 (base 10) to base 11.
-3764
What is -bc6 (base 14) in base 13?
-10a3
237 (base 10) to base 2
11101101
What is -14a (base 15) in base 11?
-249
-1001011100000110 (base 2) to base 4
-21130012
What is -5457 (base 8) in base 10?
-2863
What is -2315 (base 12) in base 7?
-14246
Convert 1a88 (base 16) to base 3.
100022120
Convert -6 (base 16) to base 10.
-6
Convert -20001032 (base 4) to base 11.
-22750
What is 1000000000001010 (base 2) in base 13?
11bc5
11120 (base 5) to base 15
375
What is -345130 (base 6) in base 14?
-ab38
853a (base 14) to base 10
22984
-201220 (base 3) to base 12
-389
Convert -21016 (base 7) to base 9.
-7061
What is 1abc (base 15) in base 2?
1011010101010
What is 143522 (base 7) in base 14?
a149
b633 (base 12) to base 8
46707
Convert 10 (base 14) to base 2.
1110
Convert -148 (base 13) to base 15.
-104
2a9d (base 15) to base 7
35446
What is 825 (base 12) in base 3?
1121202
Convert 10201 (base 3) to base 9.
121
-a9a1 (base 12) to base 5
-1044242
Convert -3e3 (base 16) to base 5.
-12440
11111202 (base 3) to base 14
12ab
Convert 3311023 (base 4) to base 5.
1000231
Convert -102210000 (base 3) to base 6.
-103430
Convert -36615 (base 7) to base 6.
-112143
-13400 (base 5) to base 2
-10001001100
What is -75c5 (base 16) in base 8?
-72705
Convert 32c9 (base 15) to base 8.
25014
57b (base 13) to base 16
3b3
Convert 2709 (base 10) to base 9.
3640
Convert 1020022020 (base 3) to base 5.
1234104
What is -8b7 (base 13) in base 12?
-a52
What is -2808 (base 9) in base 6?
-13442
Convert 51766 (base 8) to base 16.
53f6
What is -120121 (base 3) in base 9?
-517
1130 (base 8) to base 4
21120
What is 513 (base 15) in base 12?
7b3
310102 (base 4) to base 15
ed1
-69 (base 10) to base 5
-234
-653 (base 7) to base 6
-1312
What is 1000110000 (base 2) in base 10?
560
11032 (base 5) to base 11
638
What is -160 (base 12) in base 2?
-11011000
What is 6412 (base 8) in base 16?
d0a
-24520 (base 6) to base 2
-111001000000
-522 (base 7) to base 15
-126
1762 (base 10) to base 9
2367
20020 (base 3) to base 13
cc
Convert -1028 (base 11) to base 5.
-20421
-10211 (base 3) to base 11
-94
Convert -419 (base 10) to base 4.
-12203
Convert -508 (base 12) to base 14.
-3a0
4cbc (base 16) to base 6
230540
Convert -541 (base 14) to base 13.
-61a
Convert -4 (base 12) to base 11.
-4
-20201301 (base 4) to base 9
-52820
What is 11101100 (base 2) in base 12?
178
Convert -5732 (base 11) to base 9.
-11304
Convert 135a (base 16) to base 10.
4954
What is -15640 (base 7) in base 14?
-1890
What is -8cb (base 13) in base 9?
-2067
Convert 31253 (base 6) to base 3.
12202220
What is -13440 (base 8) in base 3?
-22010021
What is -1201020 (base 3) in base 9?
-1636
What is 1002012221 (base 3) in base 5?
1140201
Convert 3752 (base 8) to base 7.
5623
Convert 22b (base 16) to base 4.
20223
3112 (base 8) to base 4
121022
What is 333103 (base 4) in base 9?
5501
What is -18042 (base 9) in base 13?
-5873
Convert 63a2 (base 13) to base 16.
35fd
What is 40021 (base 5) in base 4?
213033
Convert -229 (base 13) to base 7.
-1042
-1242 (base 8) to base 16
-2a2
What is -32023121 (base 4) in base 11?
-3a6a4
What is 1010001011110110 (base 2) in base 13?
15cb1
Convert 52338 (base 9) to base 10.
34541
-2143 (base 10) to base 6
-13531
Convert -1101002 (base 4) to base 8.
-12102
What is 1056 (base 10) in base 2?
10000100000
-112200 (base 4) to base 6
-10400
Convert 6c0a (base 13) to base 15.
479a
858 (base 15) to base 12
110b
What is -1200000 (base 3) in base 6?
-5343
What is -1640 (base 7) in base 15?
-2e5
Convert 110110100 (base 2) to base 3.
121011
Convert 7622 (base 16) to base 6.
352002
What is -8ad (base 14) in base 3?
-2100202
Convert -77416 (base 8) to base 9.
-48550
What is -661 (base 16) in base 11?
-1255
What is -2233403 (base 5) in base 6?
-504301
Convert 10340 (base 5) to base 2.
1011010000
Convert -22032320 (base 4) to base 2.
-1010001110111000
-54 (base 14) to base 12
-62
What is 282 (base 12) in base 13?
239
-101010221 (base 3) to base 2
-1110011100100
What is -1121122121 (base 3) in base 8?
-76116
Convert 70c9 (base 14) to base 12.
b275
What is 887 (base 10) in base 3?
1012